4 is divided by 168?
12
What is the remainder when 551137 is divided by 551108?
29
What is the remainder when 4259885 is divided by 180?
5
What is the remainder when 237204 is divided by 13682?
4610
What is the remainder when 84282 is divided by 2944?
1850
Calculate the remainder when 42279 is divided by 2299.
897
What is the remainder when 16494401 is divided by 226?
17
What is the remainder when 3387815 is divided by 2840?
2535
Calculate the remainder when 1046807 is divided by 130765.
687
Calculate the remainder when 57996412 is divided by 73693.
21
Calculate the remainder when 474242 is divided by 474233.
9
Calculate the remainder when 20570131 is divided by 12288.
19
Calculate the remainder when 169133 is divided by 2492.
2169
What is the remainder when 19251122 is divided by 323?
322
What is the remainder when 122967 is divided by 1011?
636
Calculate the remainder when 6234769 is divided by 1344.
1297
What is the remainder when 117033 is divided by 685?
583
What is the remainder when 1936924 is divided by 387364?
104
Calculate the remainder when 130320 is divided by 9795.
2985
What is the remainder when 31993036 is divided by 18?
16
What is the remainder when 885778 is divided by 3868?
6
What is the remainder when 400052 is divided by 199416?
1220
Calculate the remainder when 11250605 is divided by 274403.
82
Calculate the remainder when 133265 is divided by 44321.
302
Calculate the remainder when 33524747 is divided by 11174910.
17
Calculate the remainder when 2988745 is divided by 186795.
25
What is the remainder when 150655425 is divided by 3366?
3363
What is the remainder when 574146 is divided by 509?
503
Calculate the remainder when 38186355 is divided by 3692.
3691
What is the remainder when 8113360 is divided by 8113348?
12
What is the remainder when 320961 is divided by 628?
53
Calculate the remainder when 630539 is divided by 57319.
30
What is the remainder when 36685156 is divided by 69?
64
What is the remainder when 6015 is divided by 377?
360
Calculate the remainder when 13769796 is divided by 4909.
51
What is the remainder when 42731264 is divided by 218?
212
What is the remainder when 264346 is divided by 132102?
142
Calculate the remainder when 2534447 is divided by 376.
207
Calculate the remainder when 64612644 is divided by 338286.
18
Calculate the remainder when 1450847 is divided by 533.
21
What is the remainder when 247039 is divided by 82157?
568
What is the remainder when 1336350 is divided by 334061?
106
Calculate the remainder when 72314615 is divided by 18078652.
7
What is the remainder when 49606556 is divided by 159?
146
Calculate the remainder when 20695111 is divided by 222.
49
Calculate the remainder when 24540993 is divided by 485.
478
Calculate the remainder when 2510008 is divided by 1831.
1538
Calculate the remainder when 3900625 is divided by 10599.
193
What is the remainder when 255597 is divided by 153?
87
Calculate the remainder when 5455611 is divided by 5191.
5061
What is the remainder when 761841613 is divided by 2081?
2080
What is the remainder when 60286 is divided by 2229?
103
What is the remainder when 14540010 is divided by 2332?
2322
Calculate the remainder when 235198737 is divided by 15.
12
Calculate the remainder when 293705 is divided by 48944.
41
Calculate the remainder when 310813 is divided by 310749.
64
Calculate the remainder when 12262737 is divided by 373.
362
What is the remainder when 122840009 is divided by 2070?
2069
What is the remainder when 2983191 is divided by 426169?
8
What is the remainder when 1884057 is divided by 134574?
21
What is the remainder when 22727123 is divided by 21832?
11
Calculate the remainder when 65894 is divided by 32809.
276
What is the remainder when 106778096 is divided by 975?
971
Calculate the remainder when 336624 is divided by 168275.
74
Calculate the remainder when 4125132 is divided by 179351.
59
Calculate the remainder when 1370580 is divided by 467.
402
What is the remainder when 16066 is divided by 15580?
486
Calculate the remainder when 739812 is divided by 122.
4
What is the remainder when 2799140 is divided by 1429?
1158
What is the remainder when 1926695 is divided by 150?
95
What is the remainder when 238307 is divided by 160?
67
Calculate the remainder when 569294 is divided by 83.
80
Calculate the remainder when 49353 is divided by 48905.
448
Calculate the remainder when 1149032 is divided by 18836.
36
Calculate the remainder when 98583 is divided by 1431.
1275
Calculate the remainder when 19881851 is divided by 3405.
56
What is the remainder when 41508 is divided by 4466?
1314
What is the remainder when 889610765 is divided by 5478?
5477
What is the remainder when 48953 is divided by 38?
9
What is the remainder when 22699598 is divided by 16?
14
Calculate the remainder when 124632 is divided by 1578.
1548
Calculate the remainder when 47588462 is divided by 3344.
3342
Calculate the remainder when 212779 is divided by 1069.
48
What is the remainder when 1007456 is divided by 151?
135
What is the remainder when 120282 is divided by 154?
8
Calculate the remainder when 110239 is divided by 7805.
969
Calculate the remainder when 216997 is divided by 9040.
37
What is the remainder when 664485667 is divided by 343?
342
Calculate the remainder when 630260017 is divided by 494.
491
What is the remainder when 10574386 is divided by 27?
25
What is the remainder when 45193456 is divided by 7152?
7120
Calculate the remainder when 9307018 is divided by 543.
541
What is the remainder when 989407185 is divided by 21?
18
What is the remainder when 3588420 is divided by 121?
44
What is the remainder when 266909109 is divided by 7074?
15
What is the remainder when 4357153 is divided by 301?
178
Calculate the remainder when 2027189 is divided by 337837.
167
What is the remainder when 188580 is divided by 93871?
838
What is the remainder when 140894 is divided by 437?
180
Calculate the remainder when 91235 is divided by 18221.
130
Calculate the remainder when 233661207 is divided by 116830600.
7
Calculate the remainder when 62092 is divided by 1818.
280
Calculate the remainder when 148728 is divided by 24776.
72
Calculate the remainder when 244600 is divided by 23746.
7140
What is the remainder when 126701691 is divided by 4525060?
11
What is the remainder when 19038299 is divided by 17?
16
What is the remainder when 34157517 is divided by 720?
717
What is the remainder when 10360389 is divided by 1717?
11
What is the remainder when 270831 is divided by 4590?
21
Calculate the remainder when 30292 is divided by 9377.
2161
What is the remainder when 300977598 is divided by 176?
174
Calculate the remainder when 55563906 is divided by 38.
2
Calculate the remainder when 95661723 is divided by 31887238.
9
Calculate the remainder when 1507732 is divided by 752360.
3012
Calculate the remainder when 1546301 is divided by 469.
8
What is the remainder when 131903 is divided by 43958?
29
What is the remainder when 8260562 is divided by 268?
266
Calculate the remainder when 1122631 is divided by 628.
395
Calculate the remainder when 208405 is divided by 1299.
565
Calculate the remainder when 475130 is divided by 251.
238
What is the remainder when 5290825 is divided by 2645408?
9
Calculate the remainder when 4735796 is divided by 154.
142
Calculate the remainder when 28688554 is divided by 156.
154
What is the remainder when 505978 is divided by 36?
34
Calculate the remainder when 6206697 is divided by 81667.
5
Calculate the remainder when 37653433 is divided by 2913.
2908
What is the remainder when 96218174 is divided by 64?
62
What is the remainder when 323050 is divided by 128?
106
What is the remainder when 1665760 is divided by 879?
55
Calculate the remainder when 288852 is divided by 903.
795
What is the remainder when 76819 is divided by 18122?
4331
Calculate the remainder when 1951165 is divided by 162590.
85
What is the remainder when 421951 is divided by 24813?
130
Calculate the remainder when 136278 is divided by 725.
703
What is the remainder when 45702 is divided by 15225?
27
Calculate the remainder when 360267 is divided by 22494.
363
Calculate the remainder when 18348589 is divided by 3.
1
Calculate the remainder when 1346544 is divided by 48.
0